8439?
23, 55288193
List the prime factors of 522784230.
2, 3, 5, 17426141
What are the prime factors of 8364613582?
2, 13, 321715907
List the prime factors of 15678377.
11, 13, 109639
What are the prime factors of 3043081?
3043081
What are the prime factors of 48220734?
2, 3, 73, 89, 1237
What are the prime factors of 41639108?
2, 7, 19, 23, 41, 83
What are the prime factors of 513031052?
2, 103, 857, 1453
List the prime factors of 127151584.
2, 7, 31, 18311
List the prime factors of 28943290.
2, 5, 2894329
List the prime factors of 253564287.
3, 6661, 12689
List the prime factors of 51274512.
2, 3, 118691
List the prime factors of 296439528.
2, 3, 7, 11, 47, 3413
List the prime factors of 1808269876.
2, 7, 64581067
List the prime factors of 246740454.
2, 3, 13707803
List the prime factors of 1279599265.
5, 7, 17, 97, 22171
List the prime factors of 106376501.
7, 11, 197359
List the prime factors of 1331775819.
3, 11, 139, 96779
What are the prime factors of 1742628012?
2, 3, 59, 2461339
What are the prime factors of 1245774016?
2, 37, 526087
List the prime factors of 130863505.
5, 26172701
What are the prime factors of 87247074?
2, 3, 113, 128683
What are the prime factors of 56037389?
17, 71, 2731
What are the prime factors of 496772017?
7, 97, 731623
List the prime factors of 1777870853.
11, 89, 1816007
List the prime factors of 1460176223.
11, 17, 7808429
List the prime factors of 68844811.
7, 29, 339137
List the prime factors of 204699068.
2, 7, 1044383
What are the prime factors of 653246229?
3, 31, 887, 7919
List the prime factors of 30553883.
30553883
List the prime factors of 227880710.
2, 5, 22788071
List the prime factors of 71410732.
2, 31, 575893
List the prime factors of 82212194.
2, 131, 179, 1753
What are the prime factors of 28098580?
2, 5, 113, 12433
What are the prime factors of 79551100?
2, 5, 19, 149, 281
List the prime factors of 93573811.
71, 1317941
What are the prime factors of 570232773?
3, 11, 5759927
List the prime factors of 98936864.
2, 13, 29, 59, 139
List the prime factors of 670365592.
2, 13, 6445823
What are the prime factors of 478246294?
2, 151, 467, 3391
What are the prime factors of 200453689?
269, 745181
What are the prime factors of 441710321?
13, 53, 641089
What are the prime factors of 335843464?
2, 11, 41, 93083
List the prime factors of 191612299.
109, 1757911
What are the prime factors of 330605833?
19, 17400307
List the prime factors of 47175551.
107, 440893
What are the prime factors of 451149000?
2, 3, 5, 150383
What are the prime factors of 1224037831?
149, 701, 11719
What are the prime factors of 2949290081?
2949290081
What are the prime factors of 704959202?
2, 29, 157, 77417
List the prime factors of 503075338.
2, 3571, 70439
What are the prime factors of 379909836?
2, 3, 31, 47, 7243
List the prime factors of 511626240.
2, 3, 5, 3701
What are the prime factors of 104565620?
2, 5, 317, 16493
What are the prime factors of 3220690609?
3220690609
List the prime factors of 87538464.
2, 3, 13, 103, 227
List the prime factors of 674499391.
367, 1837873
What are the prime factors of 296543820?
2, 3, 5, 4942397
What are the prime factors of 17557214?
2, 8778607
List the prime factors of 5123613628.
2, 7, 29, 37, 170537
What are the prime factors of 62824?
2, 7853
What are the prime factors of 19947189?
3, 6649063
What are the prime factors of 126178278?
2, 3, 19, 1106827
What are the prime factors of 30866322?
2, 3, 17, 23, 59, 223
List the prime factors of 72521593.
269, 269597
List the prime factors of 190534802.
2, 5209, 18289
List the prime factors of 51161005.
5, 7, 31, 61, 773
What are the prime factors of 9552345?
3, 5, 11, 19, 277
List the prime factors of 359866.
2, 13, 13841
List the prime factors of 1181303348.
2, 295325837
List the prime factors of 481528283.
481528283
List the prime factors of 1698728436.
2, 3, 613, 2851
What are the prime factors of 3643682046?
2, 3, 17, 35722373
What are the prime factors of 574385456?
2, 71, 421, 1201
List the prime factors of 730081809.
3, 397, 68111
List the prime factors of 487870247.
53, 163, 56473
What are the prime factors of 6516531252?
2, 3, 7, 11, 2350841
List the prime factors of 59021864.
2, 11, 23, 241
What are the prime factors of 411101902?
2, 205550951
What are the prime factors of 891921916?
2, 179, 1245701
What are the prime factors of 62024043?
3, 20674681
What are the prime factors of 1918242595?
5, 353, 911, 1193
What are the prime factors of 71056780?
2, 5, 3552839
List the prime factors of 8003981957.
179, 1549, 28867
What are the prime factors of 35150855?
5, 19, 370009
List the prime factors of 783145356.
2, 3, 7, 9323159
What are the prime factors of 13685302?
2, 6842651
List the prime factors of 51656773.
7, 37, 199447
What are the prime factors of 13347143?
31, 430553
What are the prime factors of 213448821?
3, 17, 61, 68611
What are the prime factors of 175226278?
2, 103, 850613
List the prime factors of 1137582512.
2, 11, 6463537
List the prime factors of 57319940.
2, 5, 317, 9041
What are the prime factors of 3934317172?
2, 47, 1103, 18973
What are the prime factors of 292974961?
389, 571, 1319
List the prime factors of 237795847.
17, 822823
What are the prime factors of 382413028?
2, 17, 373, 15077
List the prime factors of 37945270.
2, 5, 11, 344957
List the prime factors of 123829522.
2, 7789, 7949
What are the prime factors of 121025151?
3, 13, 344801
What are the prime factors of 9039958?
2, 4519979
List the prime factors of 189922011.
3, 17, 83, 44867
List the prime factors of 133498239.
3, 7, 73, 87083
List the prime factors of 361508794.
2, 31, 5830787
List the prime factors of 412149248.
2, 7, 114997
List the prime factors of 172736903.
151, 1143953
List the prime factors of 134497802.
2, 61, 1102441
List the prime factors of 240112724.
2, 67, 751, 1193
What are the prime factors of 121374757?
7, 17339251
List the prime factors of 19649436.
2, 3, 509, 3217
List the prime factors of 2724623098.
2, 12037, 113177
List the prime factors of 216773398.
2, 108386699
List the prime factors of 3910323.
3, 17, 76673
What are the prime factors of 32199944?
2, 7, 709, 811
What are the prime factors of 16339837?
229, 71353
What are the prime factors of 2937019227?
3, 979006409
List the prime factors of 1724338806.
2, 3, 19, 15125779
List the prime factors of 6917595.
3, 5, 23, 20051
List the prime factors of 1421508798.
2, 3, 139, 229, 827
List the prime factors of 108614597.
7, 13, 1193567
What are the prime factors of 96379345?
5, 73, 264053
What are the prime factors of 10654884?
2, 3, 43, 6883
List the prime factors of 277226564.
2, 3797, 18253
What are the prime factors of 193150569?
3, 64383523
List the prime factors of 352765251.
3, 29, 67, 20173
What are the prime factors of 27970651?
41, 197, 3463
List the prime factors of 56337551.
137, 191, 2153
List the prime factors of 560340906.
2, 3, 241, 479, 809
List the prime factors of 717480092.
2, 7, 25624289
List the prime factors of 325438202.
2, 162719101
List the prime factors of 4586562384.
2, 3, 7583, 12601
List the prime factors of 3369180088.
2, 17, 24773383
What are the prime factors of 2015770014?
2, 3, 433, 258631
List the prime factors of 33053275.
5, 59, 22409
What are the prime factors of 526003274?
2, 677, 388481
List the prime factors of 24383597.
7, 89, 39139
List the prime factors of 9473771.
9473771
List the prime factors of 5549209.
5549209
What are the prime factors of 5444605802?
2, 44171, 61631
What are the prime factors of 3158619645?
3, 5, 210574643
List the prime factors of 210984970.
2, 5, 7, 61, 49411
What are the prime factors of 57468418?
2, 7, 4104887
List the prime factors of 1341110991.
3, 11, 19, 37, 57809
What are the prime factors of 696105735?
3, 5, 13, 73, 79, 619
List the prime factors of 6983863005.
3, 5, 7, 281, 236701
List the prime factors of 33227943.
3, 7, 1582283
List the prime factors of 76089568.
2, 2377799
List the prime factors of 39752172.
2, 3, 67, 16481
What are the prime factors of 313048867?
59, 89, 59617
List the prime factors of 71434465.
5, 2141, 6673
What are the prime factors of 112974518?
2, 56487259
What are the prime factors of 1084303006?
2, 109, 4973867
What are the prime factors of 67220450?
2, 5, 11, 